[INFO] cloning repository https://github.com/Snirpurin/DCshell
[INFO] running `Command { std: "git" "-c" "credential.helper=" "-c" "credential.helper=/workspace/cargo-home/bin/git-credential-null" "clone" "--bare" "https://github.com/Snirpurin/DCshell" "/workspace/cache/git-repos/https%3A%2F%2Fgithub.com%2FSnirpurin%2FDCshell", kill_on_drop: false }`
[INFO] [stderr] Cloning into bare repository '/workspace/cache/git-repos/https%3A%2F%2Fgithub.com%2FSnirpurin%2FDCshell'...
[INFO] running `Command { std: "git" "rev-parse" "HEAD", kill_on_drop: false }`
[INFO] [stdout] bd6e6a74509b6be04259fee36d7f480178028c04
[INFO] checking Snirpurin/DCshell against master#9610dfe5a9a731ced1ea4923ecbd0c57fe367898 for beta-170-4
[INFO] running `Command { std: "git" "clone" "/workspace/cache/git-repos/https%3A%2F%2Fgithub.com%2FSnirpurin%2FDCshell" "/workspace/builds/worker-2-tc1/source", kill_on_drop: false }`
[INFO] [stderr] Cloning into '/workspace/builds/worker-2-tc1/source'...
[INFO] [stderr] done.
[INFO] validating manifest of git repo https://github.com/Snirpurin/DCshell on toolchain 9610dfe5a9a731ced1ea4923ecbd0c57fe367898
[INFO] running `Command { std: CARGO_HOME="/workspace/cargo-home" RUSTUP_HOME="/workspace/rustup-home" "/workspace/cargo-home/bin/cargo" "+9610dfe5a9a731ced1ea4923ecbd0c57fe367898" "metadata" "--manifest-path" "Cargo.toml" "--no-deps", kill_on_drop: false }`
[INFO] started tweaking git repo https://github.com/Snirpurin/DCshell
[INFO] finished tweaking git repo https://github.com/Snirpurin/DCshell
[INFO] tweaked toml for git repo https://github.com/Snirpurin/DCshell written to /workspace/builds/worker-2-tc1/source/Cargo.toml
[INFO] crate git repo https://github.com/Snirpurin/DCshell already has a lockfile, it will not be regenerated
[INFO] running `Command { std: CARGO_HOME="/workspace/cargo-home" RUSTUP_HOME="/workspace/rustup-home" "/workspace/cargo-home/bin/cargo" "+9610dfe5a9a731ced1ea4923ecbd0c57fe367898" "fetch" "--manifest-path" "Cargo.toml", kill_on_drop: false }`
[INFO] running `Command { std: "docker" "create" "-v" "/var/lib/crater-agent-workspace/builds/worker-2-tc1/target:/opt/rustwide/target:rw,Z" "-v" "/var/lib/crater-agent-workspace/builds/worker-2-tc1/source:/opt/rustwide/workdir:ro,Z" "-v" "/var/lib/crater-agent-workspace/cargo-home:/opt/rustwide/cargo-home:ro,Z" "-v" "/var/lib/crater-agent-workspace/rustup-home:/opt/rustwide/rustup-home:ro,Z" "-e" "SOURCE_DIR=/opt/rustwide/workdir" "-e" "CARGO_TARGET_DIR=/opt/rustwide/target" "-e" "CARGO_HOME=/opt/rustwide/cargo-home" "-e" "RUSTUP_HOME=/opt/rustwide/rustup-home" "-w" "/opt/rustwide/workdir" "-m" "1610612736" "--user" "0:0" "--network" "none" "ghcr.io/rust-lang/crates-build-env/linux@sha256:19e73879b68f455e41552ea35293514db52ea292d993f571636dbffedb77a1ee" "/opt/rustwide/cargo-home/bin/cargo" "+9610dfe5a9a731ced1ea4923ecbd0c57fe367898" "metadata" "--no-deps" "--format-version=1", kill_on_drop: false }`
[INFO] [stdout] d2a09d30bb6c81b86308a0f6b5f841634f721731e9b9e76bcbea03afce28fa2c
[INFO] running `Command { std: "docker" "start" "-a" "d2a09d30bb6c81b86308a0f6b5f841634f721731e9b9e76bcbea03afce28fa2c", kill_on_drop: false }`
[INFO] running `Command { std: "docker" "inspect" "d2a09d30bb6c81b86308a0f6b5f841634f721731e9b9e76bcbea03afce28fa2c", kill_on_drop: false }`
[INFO] running `Command { std: "docker" "rm" "-f" "d2a09d30bb6c81b86308a0f6b5f841634f721731e9b9e76bcbea03afce28fa2c", kill_on_drop: false }`
[INFO] [stdout] d2a09d30bb6c81b86308a0f6b5f841634f721731e9b9e76bcbea03afce28fa2c
[INFO] running `Command { std: "docker" "create" "-v" "/var/lib/crater-agent-workspace/builds/worker-2-tc1/target:/opt/rustwide/target:rw,Z" "-v" "/var/lib/crater-agent-workspace/builds/worker-2-tc1/source:/opt/rustwide/workdir:ro,Z" "-v" "/var/lib/crater-agent-workspace/cargo-home:/opt/rustwide/cargo-home:ro,Z" "-v" "/var/lib/crater-agent-workspace/rustup-home:/opt/rustwide/rustup-home:ro,Z" "-e" "SOURCE_DIR=/opt/rustwide/workdir" "-e" "CARGO_TARGET_DIR=/opt/rustwide/target" "-e" "CARGO_INCREMENTAL=0" "-e" "RUST_BACKTRACE=full" "-e" "RUSTFLAGS=--cap-lints=forbid" "-e" "RUSTDOCFLAGS=--cap-lints=forbid" "-e" "CARGO_HOME=/opt/rustwide/cargo-home" "-e" "RUSTUP_HOME=/opt/rustwide/rustup-home" "-w" "/opt/rustwide/workdir" "-m" "1610612736" "--user" "0:0" "--network" "none" "ghcr.io/rust-lang/crates-build-env/linux@sha256:19e73879b68f455e41552ea35293514db52ea292d993f571636dbffedb77a1ee" "/opt/rustwide/cargo-home/bin/cargo" "+9610dfe5a9a731ced1ea4923ecbd0c57fe367898" "check" "--frozen" "--all" "--all-targets" "--message-format=json", kill_on_drop: false }`
[INFO] [stdout] b655255389a6f535314cd40b943a83af2a3423caf8795ad4ed8f252a13133200
[INFO] running `Command { std: "docker" "start" "-a" "b655255389a6f535314cd40b943a83af2a3423caf8795ad4ed8f252a13133200", kill_on_drop: false }`
[INFO] [stderr]     Checking dist_shell v0.1.0 (/opt/rustwide/workdir)
[INFO] [stdout] warning: unused import: `self`
[INFO] [stdout]  --> src/local_host/bin/main.rs:5:15
[INFO] [stdout]   |
[INFO] [stdout] 5 | use std::io::{self, Read};
[INFO] [stdout]   |               ^^^^
[INFO] [stdout]   |
[INFO] [stdout]   = note: `#[warn(unused_imports)]` on by default
[INFO] [stdout] 
[INFO] [stdout] 
[INFO] [stdout] warning: unused imports: `BufReader`, `BufWriter`
[INFO] [stdout]  --> src/dist_host/bin/main.rs:2:15
[INFO] [stdout]   |
[INFO] [stdout] 2 | use std::io::{BufReader, BufWriter, self, Write};
[INFO] [stdout]   |               ^^^^^^^^^  ^^^^^^^^^
[INFO] [stdout]   |
[INFO] [stdout]   = note: `#[warn(unused_imports)]` on by default
[INFO] [stdout] 
[INFO] [stdout] 
[INFO] [stdout] warning: unused import: `std::process::Command`
[INFO] [stdout]  --> src/local_host/bin/main.rs:6:5
[INFO] [stdout]   |
[INFO] [stdout] 6 | use std::process::Command;
[INFO] [stdout]   |     ^^^^^^^^^^^^^^^^^^^^^
[INFO] [stdout] 
[INFO] [stdout] 
[INFO] [stdout] warning: unused import: `TcpListener`
[INFO] [stdout]  --> src/dist_host/bin/main.rs:4:16
[INFO] [stdout]   |
[INFO] [stdout] 4 | use std::net::{TcpListener, TcpStream,Shutdown};
[INFO] [stdout]   |                ^^^^^^^^^^^
[INFO] [stdout] 
[INFO] [stdout] 
[INFO] [stdout] warning: unused import: `self`
[INFO] [stdout]  --> src/local_host/bin/main.rs:5:15
[INFO] [stdout]   |
[INFO] [stdout] 5 | use std::io::{self, Read};
[INFO] [stdout]   |               ^^^^
[INFO] [stdout]   |
[INFO] [stdout]   = note: `#[warn(unused_imports)]` on by default
[INFO] [stdout] 
[INFO] [stdout] 
[INFO] [stdout] warning: unused imports: `BufReader`, `BufWriter`
[INFO] [stdout]  --> src/dist_host/bin/main.rs:2:15
[INFO] [stdout]   |
[INFO] [stdout] 2 | use std::io::{BufReader, BufWriter, self, Write};
[INFO] [stdout]   |               ^^^^^^^^^  ^^^^^^^^^
[INFO] [stdout]   |
[INFO] [stdout]   = note: `#[warn(unused_imports)]` on by default
[INFO] [stdout] 
[INFO] [stdout] 
[INFO] [stdout] warning: unused import: `TcpListener`
[INFO] [stdout]  --> src/dist_host/bin/main.rs:4:16
[INFO] [stdout]   |
[INFO] [stdout] 4 | use std::net::{TcpListener, TcpStream,Shutdown};
[INFO] [stdout]   |                ^^^^^^^^^^^
[INFO] [stdout] 
[INFO] [stdout] 
[INFO] [stdout] warning: unused import: `std::process::Command`
[INFO] [stdout]  --> src/local_host/bin/main.rs:6:5
[INFO] [stdout]   |
[INFO] [stdout] 6 | use std::process::Command;
[INFO] [stdout]   |     ^^^^^^^^^^^^^^^^^^^^^
[INFO] [stdout] 
[INFO] [stdout] 
[INFO] [stdout] error[E0308]: mismatched types
[INFO] [stdout]   --> src/dist_host/bin/main.rs:89:37
[INFO] [stdout]    |
[INFO] [stdout] 89 |     let size = usize::from_be_bytes(array_size);
[INFO] [stdout]    |                -------------------- ^^^^^^^^^^ expected an array with a fixed size of 8 elements, found one with 4 elements
[INFO] [stdout]    |                |
[INFO] [stdout]    |                arguments to this function are incorrect
[INFO] [stdout]    |
[INFO] [stdout] note: associated function defined here
[INFO] [stdout]   --> /rustc/9610dfe5a9a731ced1ea4923ecbd0c57fe367898/library/core/src/num/mod.rs:1274:5
[INFO] [stdout]    = note: this error originates in the macro `uint_impl` (in Nightly builds, run with -Z macro-backtrace for more info)
[INFO] [stdout] 
[INFO] [stdout] 
[INFO] [stdout] error[E0308]: mismatched types
[INFO] [stdout]   --> src/local_host/bin/main.rs:68:37
[INFO] [stdout]    |
[INFO] [stdout] 68 |     let size = usize::from_be_bytes(array_size);
[INFO] [stdout]    |                -------------------- ^^^^^^^^^^ expected an array with a fixed size of 8 elements, found one with 4 elements
[INFO] [stdout]    |                |
[INFO] [stdout]    |                arguments to this function are incorrect
[INFO] [stdout]    |
[INFO] [stdout] note: associated function defined here
[INFO] [stdout]   --> /rustc/9610dfe5a9a731ced1ea4923ecbd0c57fe367898/library/core/src/num/mod.rs:1274:5
[INFO] [stdout]    = note: this error originates in the macro `uint_impl` (in Nightly builds, run with -Z macro-backtrace for more info)
[INFO] [stdout] 
[INFO] [stdout] 
[INFO] [stdout] error[E0308]: mismatched types
[INFO] [stdout]   --> src/local_host/bin/main.rs:68:37
[INFO] [stdout]    |
[INFO] [stdout] 68 |     let size = usize::from_be_bytes(array_size);
[INFO] [stdout]    |                -------------------- ^^^^^^^^^^ expected an array with a fixed size of 8 elements, found one with 4 elements
[INFO] [stdout]    |                |
[INFO] [stdout]    |                arguments to this function are incorrect
[INFO] [stdout]    |
[INFO] [stdout] note: associated function defined here
[INFO] [stdout]   --> /rustc/9610dfe5a9a731ced1ea4923ecbd0c57fe367898/library/core/src/num/mod.rs:1274:5
[INFO] [stdout]    = note: this error originates in the macro `uint_impl` (in Nightly builds, run with -Z macro-backtrace for more info)
[INFO] [stdout] 
[INFO] [stdout] 
[INFO] [stdout] error[E0308]: mismatched types
[INFO] [stdout]   --> src/dist_host/bin/main.rs:89:37
[INFO] [stdout]    |
[INFO] [stdout] 89 |     let size = usize::from_be_bytes(array_size);
[INFO] [stdout]    |                -------------------- ^^^^^^^^^^ expected an array with a fixed size of 8 elements, found one with 4 elements
[INFO] [stdout]    |                |
[INFO] [stdout]    |                arguments to this function are incorrect
[INFO] [stdout]    |
[INFO] [stdout] note: associated function defined here
[INFO] [stdout]   --> /rustc/9610dfe5a9a731ced1ea4923ecbd0c57fe367898/library/core/src/num/mod.rs:1274:5
[INFO] [stdout]    = note: this error originates in the macro `uint_impl` (in Nightly builds, run with -Z macro-backtrace for more info)
[INFO] [stdout] 
[INFO] [stdout] 
[INFO] [stdout] error: aborting due to previous error; 2 warnings emitted
[INFO] [stdout] 
[INFO] [stdout] 
[INFO] [stdout] For more information about this error, try `rustc --explain E0308`.
[INFO] [stdout] 
[INFO] [stdout] error: aborting due to previous error; 2 warnings emitted
[INFO] [stdout] 
[INFO] [stdout] 
[INFO] [stdout] For more information about this error, try `rustc --explain E0308`.
[INFO] [stdout] 
[INFO] [stdout] error[E0308]: mismatched types
[INFO] [stdout]    --> src/dist_host/bin/main.rs:156:37
[INFO] [stdout]     |
[INFO] [stdout] 156 |     let size = usize::from_be_bytes(array_size);
[INFO] [stdout]     |                -------------------- ^^^^^^^^^^ expected an array with a fixed size of 8 elements, found one with 4 elements
[INFO] [stdout]     |                |
[INFO] [stdout]     |                arguments to this function are incorrect
[INFO] [stdout]     |
[INFO] [stdout] note: associated function defined here
[INFO] [stdout]    --> /rustc/9610dfe5a9a731ced1ea4923ecbd0c57fe367898/library/core/src/num/mod.rs:1274:5
[INFO] [stdout]     = note: this error originates in the macro `uint_impl` (in Nightly builds, run with -Z macro-backtrace for more info)
[INFO] [stdout] 
[INFO] [stdout] 
[INFO] [stdout] error[E0308]: mismatched types
[INFO] [stdout]    --> src/dist_host/bin/main.rs:156:37
[INFO] [stdout]     |
[INFO] [stdout] 156 |     let size = usize::from_be_bytes(array_size);
[INFO] [stdout]     |                -------------------- ^^^^^^^^^^ expected an array with a fixed size of 8 elements, found one with 4 elements
[INFO] [stdout]     |                |
[INFO] [stdout]     |                arguments to this function are incorrect
[INFO] [stdout]     |
[INFO] [stdout] note: associated function defined here
[INFO] [stdout]    --> /rustc/9610dfe5a9a731ced1ea4923ecbd0c57fe367898/library/core/src/num/mod.rs:1274:5
[INFO] [stdout]     = note: this error originates in the macro `uint_impl` (in Nightly builds, run with -Z macro-backtrace for more info)
[INFO] [stdout] 
[INFO] [stdout] 
[INFO] [stderr] error: could not compile `dist_shell` (bin "local_host") due to 2 previous errors; 2 warnings emitted
[INFO] [stderr] warning: build failed, waiting for other jobs to finish...
[INFO] [stderr] error: could not compile `dist_shell` (bin "local_host" test) due to 2 previous errors; 2 warnings emitted
[INFO] [stdout] error: aborting due to 2 previous errors; 2 warnings emitted
[INFO] [stdout] 
[INFO] [stdout] 
[INFO] [stdout] For more information about this error, try `rustc --explain E0308`.
[INFO] [stdout] 
[INFO] [stdout] error: aborting due to 2 previous errors; 2 warnings emitted
[INFO] [stdout] 
[INFO] [stdout] 
[INFO] [stdout] For more information about this error, try `rustc --explain E0308`.
[INFO] [stdout] 
[INFO] [stderr] error: could not compile `dist_shell` (bin "dist_host") due to 3 previous errors; 2 warnings emitted
[INFO] [stderr] error: could not compile `dist_shell` (bin "dist_host" test) due to 3 previous errors; 2 warnings emitted
[INFO] running `Command { std: "docker" "inspect" "b655255389a6f535314cd40b943a83af2a3423caf8795ad4ed8f252a13133200", kill_on_drop: false }`
[INFO] running `Command { std: "docker" "rm" "-f" "b655255389a6f535314cd40b943a83af2a3423caf8795ad4ed8f252a13133200", kill_on_drop: false }`
[INFO] [stdout] b655255389a6f535314cd40b943a83af2a3423caf8795ad4ed8f252a13133200
